 + -7 + 5 + -2).
-38
What is the value of -83 + (-8 - (-3 - 98))?
10
What is (47 + -74 - -34 - (-2 - (2 - 7))) + 20?
24
Calculate (-50 - -2) + -1092 + 1069 + 11 + (-1 - -2).
-59
Calculate -3 - -3 - -8 - ((-3 - -5 - -4) + -22).
24
What is the value of -33 + (11 - 0) + (8 - -5)?
-9
What is the value of 52 - (-60 - -254 - 65)?
-77
What is -36 - (-13 + (-23 + 34 - 16)) - -99?
81
Calculate -50 - (-2 - (23 + -6 + -8) - -3).
-42
-20 + -9 + 26 + 2 + -3
-4
1 - (0 - -19) - (-12 - (58 - -8))
60
What is 2969 + -2963 - (-1 - -18)?
-11
What is (45 - 59) + 38 - (32 - 2)?
-6
129 - 210 - ((-4 + -1 - (1 + -2)) + -6)
-71
What is (-28 + -17 - -10 - -4) + -56?
-87
Calculate (-23 + -20 + 33 - 43) + 2 + 0.
-51
Evaluate 25 + -7 - (-39 + 23).
34
(-35 - ((1 - 2 - 1) + -9)) + 17
-7
What is -5 - -1 - (-554 + 531) - 62 - -20?
-23
What is 9 + 20 + -10 + 7 + -9 + -5?
12
-10 + 42 + (6 - 29)
9
16 + (-17 - 5) - 0 - (0 - -2)
-8
(-5 - -11) + 8 + -4 + (158 - 104)
64
What is the value of -39 - -1 - (-18 - (110 + -111))?
-21
What is the value of 28 + -76 - (-44 + 11) - (1 + 8)?
-24
What is 13 + -9 + (-16 - -17) + -2 + 75?
78
What is the value of -100 + 102 - (3 - -1) - 5 - 18?
-25
Evaluate 3 + 2 + (10 - ((8 + 10 - 54) + 16)).
35
What is 5 + 24 + (-8 - -20 - (11 - -5))?
25
Evaluate 39 + -22 + (63 - 24 - 14).
42
Calculate 5 - (-10 + 9 + -1 + 14 + -1).
-6
Calculate (-31 - 6) + ((4 - 5) + -2 - -16).
-24
24 + 3 + -4 - (26 + 3 + -15)
9
Calculate 5 + 17 + -26 + 18 + -25.
-11
What is the value of (-6 + 13 - (10 + (8 - -10) - 11)) + -121?
-131
Calculate -40 + (25 - (-13 + 21)) + (1 - 5).
-27
What is 14 + 42 + -46 + 12 + 0 - 9?
13
What is the value of -38 + (-2 - -3) - ((-71 - -36) + 31)?
-33
Calculate (26 - 18) + -51 - -31.
-12
22 + (45 - 82) - -10
-5
Calculate 2 + -15 + (18 - (19 - 8)) + 6.
0
What is the value of -32 - (18 - (80 - 32))?
-2
What is the value of 11 - (-48 - -65 - (-8 - 16))?
-30
What is the value of (33 - 73) + 40 + -43?
-43
What is 32 - 6 - (-30 - 57 - -41)?
72
Calculate 16 + -13 - (13 - (-10 - -1)).
-19
Calculate -1 + -32 - (2228 + -2206) - (0 - 10).
-45
What is the value of 77 + 8 + (-10 - (4 - -6 - 22 - -12))?
75
What is -15 + (-16 - (12 + -12)) + -5?
-36
Calculate (-13 + 0 - (86 + -53 + 7)) + 7.
-46
Calculate 10 + -1 + (-12 - 1) + -35 + 59.
20
(9 - -1) + (56 - 159) + -4 - -3
-94
-50 - (54 - (119 - -13))
28
Calculate 20 - -2 - (67 + -60 + -22).
37
Evaluate (3 - 33 - -13) + 3 - (3 + 35).
-52
What is -19 + (-1 - 12) - (139 + -253)?
82
Calculate (0 - -26 - (-57 - -63)) + -12 - -2.
10
-34 + 0 + (-11370 - -11414)
10
What is 153 + -165 - (3 + -32 + 2)?
15
Calculate -136 - -86 - (28 + -10).
-68
What is the value of -51 + -59 + 126 + (-1 - 0)?
15
What is 1 + -83 + (156 - 3)?
71
(310 - 248) + 13 + -81
-6
What is -15 - (-3 - (8 + 25) - -20)?
1
What is the value of 39 + -58 + 30 + 3 + -12?
2
What is 1 - (-11 - ((-4 - (2 + -2)) + -8))?
0
What is the value of 10 + (-2 + -11 + 6 - -4 - 3 - -45)?
49
What is -157 - -145 - (83 - 32)?
-63
What is -6 + (0 - -78 - (-284 + 255))?
101
-58 - (40 + 64 + -123)
-39
Evaluate 57 - 0 - (5 + (-15 + -9 - (-22 + 9))).
63
What is the value of (-4 - 24) + -42 + 40?
-30
3 + 68 + 1078 + -1163
-14
What is the value of 6 + (9 - 0) - (-1 - -16 - (21 + -6))?
15
Evaluate -1 - (-7 - (23 - (19 - 12) - 4)).
18
Evaluate 720 - 743 - (-29 + 0).
6
What is -25 + (79 + -84 - (2 - 17))?
-15
What is the value of 6 + -30 + -25 + -1 + 53?
3
What is the value of 6 + (12 + -12 - -56) - (1 + 18 + -11)?
54
4 - (-4 - (1 + 17 - 12))
14
Evaluate -16 - (-8 - (18 + 12 - 22)).
0
Calculate -31 + (0 + 87 - 39).
17
Calculate -3 - (-19 + 20 + -9 + 5).
0
What is 122 + -147 + (17 - -2)?
-6
Calculate 16 + 22 + -28 - 43.
-33
Evaluate 11 - (-6 + 0 + 0 + -10 + 18).
9
What is the value of -38 + 2 + 40 + (29 - 51)?
-18
Evaluate (-10 - 2) + (33 - 111) + 209.
119
What is the value of 173 - 102 - (-34 + -2)?
107
What is -1 + 57 + (-4610 - -4590)?
36
What is -3 + (88 - 81) + -32 + -2 + 0?
-30
Calculate (2 - -9) + (-3 - -6) - (-225 + 221).
18
What is (27 + -29 - (23 - 6)) + 15 - -17?
13
What is 11 + 7 + (-1 - 9) - 40?
-32
Calculate -19 + 23 - (-51 - 4) - 19.
40
What is -3 + -80 + 80 + 70?
67
Evaluate (-1 - (2 + 1)) + 24 + 13 + 2.
35
Calculate (-31 - -46) + -44 + -21 + -47.
-97
What is (34 - (61 - 15)) + 30?
18
Calculate 10 - (51 + (-39 - 21)).
19
What is the value of -2 + 39 + (200 - 215) - 119?
-97
What is 29 - (17 + -23 + 43)?
-8
Evaluate 63 + -164 + (47 - -23).
-31
What is (829 - 820) + (-18 - (0 - 4)) + 1?
-4
Calculate (-1 - (18 - (8 - 1))) + -58 + 1.
-69
Evaluate -6 + (4 - (-11 - -17 - -1) - 0).
-9
What is the value of 1 - (21 - 10 - 23) - (-5 + 5)?
13
Evaluate 33 + -22 + -9 + -2 + 22 + 12 + -14.
20
What is 145 + -125 + -76 + -6?
-62
What is the value of (30 - (-28 + (6 - -21))) + 48?
79
What is the value of -11 + (31 - -2 - 1 - ((-26 - 7) + 25))?
29
What is the value of 9 + -2 + -1 + -4 + (-25 - -19)?
-4
(-72 - (20 + -3) - 14) + 41
-62
(-9 - (28 + -11 + 4)) + -2 + 0
-32
Calculate 1 + -9 - (-142 - -115).
19
What is 62 + 3 - (-726 + 677 - (-34 - -2))?
82
What is the value of 63 - (103 + (18 - 66))?
8
Evaluate (21 - (6 + -45)) + 27 + -27.
60
Calculate 36 + -47 + (0 + -50 - (142 + -142)).
-61
Calculate -39 - (-37 - (-45 - -21) - -14).
-40
(56 - -1) + 8618 + -8689
-14
What is 37 + 9 + 11 + (-2 - 13)?
42
-19 - 2 - (6 - 18 - (12 + -11))
-8
Evaluate (-19 - (31 + -41)) + -18.
-27
(-85 - (-134 - -26)) + (-2 - 53) - 2
-34
Evaluate -32 + (22 + -14 - -32).
8
What is the value of -10 + (2 + -8 + 19 - -32)?
35
What is the value of 19 + -14 - (-8 + 9 - -40)?
-36
Evaluate (38 - 60 - (-8 - (-16 + 7))) + 138.
115
What is 27 + (0 - (-9 + -1) - (3372 + -3349))?
14
What is the value of 93 - -76 - 77 - 171?
-79
What is -31 + -71 + 30 - -24?
-48
Calculate (-28 - (-4 - 22)) + -20 - -44.
22
(-126 + -11 - -80) + 2
-55
-1 + 15 + (-134 - (5 + 7 + -11))
-121
Evaluate -16 + 8 + (-19 - -2) - -5.
-20
What is 5 + -30 - -26 - (3 + (-5 - -5))?
-2
-5619 - -5660 - (0 + 21)
20
Calculate (-24 - -35) + 137 + -50.
98
Evaluate 11 - -10 - (7 - (7 + -11)) - 9 - 9.
-8
What is the value of 6 + -13 - (14 - (0 + 33)) - (72 + 11)?
-71
Calculate -4 - 0 - -1 - (4 - 27 - -8).
12
-18 - (27 + -3 + -31) - -13
2
(-183 - -72 - 16) + 87
-40
Evaluate -9 - (0 + -1) - (161 + -148).
-21
-58 + (28 + -33 - -29)
-34
What is the value of 68 + (-74 - -11) + 5?
10
-22 + 70 + (-88 - 23) + 12
-51
Evaluate (117 - 116) + -21 + 0 + -15.
-35
What is the value of 224 + 15 + -167 + -17 + 3?
58
Evaluate (-12 - -24) + 12 + (20 - 11 - 65).
-32
-29 + ((19 - 25) + -25 - -20)
-40
(39 - 41) + 40 - 115
-77
What is the value of -106 + 111 + 24 - (-34 - 2)?
65
What is the value of 70 - 25 - (106 + -14)?
-47
What is the value of -68 + (-48 - (-13 - 69))?
-34
What is -88 - (-51 - (-73 + 41))?
-69
Evaluate 8 + -3 + (116 - 94).
27
Calculate 19 + -8 + -21 + 10 + 8.
8
What is the value of (11 - ((0 - -2) + -11 - (-40 - -27))) + -17?
-10
(17 - 17) + -53 + -1 - (11 + 3 + -5)
-63
What is the value of 542 + -520 + (-7 - (-68 + -9))?
92
Calculate -39 - (70 + -16 - -9).
-102
Calculate (-1 - -1) + 17 - ((137 - 319) + 175).
24
Evaluate 68 + -54 + -13 - (-23 - -2).
22
What is (103 - 141) + 32 - 6?
-12
37 + -93 - (-3 - 51)
-2
Calculate -25 - (56 + 64 + -114).
-31
-8 + (2 - (-8 - 0 - -5)) - -1
-2
Evaluate (48 - 85) + (11 - -23) - (1 + 1 + 5).
-10
Evaluate 7 + -35 + -17 + 19.
-26
Evaluate (0 - 7) + (22 - 2) + -18 + 34.
29
(201 - (9 + 46)) + -92
54
Calculate 31 + 0 + 0 - (1 + (-13 - -28 - 11)).
26
What is the value of 202 + 7 - (429 + -320)?
100
(-983 - -873) + 13 + 1 - 43
-139
What is the value of 61 - 30 - -7 - -9 - 12?
35
What is 268 + -304 - (-11 + 14)?
-39
What is the value of 16 + (-122 - -20) - -166?
80
What is -180 + 173 + 46 + -3 + -1 + (2 - 7)?
30
9 + -19 + 7 + 8 + -11 + (134 - 14)
114
Evaluate 8 + -7 + -8 + -19 + 78 + 11.
63
Calculate 76 + 8 + (-47 - -23) + (3 - 11).
52
29 - (-14 + 21 - -8) - (5 - (-3 - 5))
1
Evaluate -58 + 35 + (-5 - -9) + -15 + -7.
-41
0 + 2 - (-1 + -48) - (238 - (159 - -84))
56
Evaluate (-4384 - -4373) + (0 - (-1 - 0) - -40).
30
What is the value of (-11 - 15 - -41) + (5 - ((-90 - 6) + -7))?
123
Evaluate 5 - ((-5 - -103) + -1) - (35 - (-22 - -42)).
-107
What is -13 - (6 + (-21 - -42) + -6)?
-34
What is (149 - (19 + 0) - 22) + -2?
106
Evaluate 72 + (-12 + 1 - (-35